076158 is divided by 777.
13
What is the remainder when 28100747 is divided by 793?
792
Calculate the remainder when 9590 is divided by 3527.
2536
Calculate the remainder when 2536732 is divided by 105696.
28
Calculate the remainder when 9827550 is divided by 893411.
29
Calculate the remainder when 399173 is divided by 3734.
3369
What is the remainder when 2047264 is divided by 3750?
3514
What is the remainder when 18817404 is divided by 1045410?
24
What is the remainder when 3283418 is divided by 91?
47
Calculate the remainder when 24684 is divided by 726.
0
What is the remainder when 6012836 is divided by 3006416?
4
What is the remainder when 661091 is divided by 3322?
13
Calculate the remainder when 43393132 is divided by 13732.
12
What is the remainder when 2057882 is divided by 109?
71
Calculate the remainder when 1849697 is divided by 264235.
52
What is the remainder when 48135150 is divided by 19?
18
Calculate the remainder when 10802929 is divided by 1543273.
18
Calculate the remainder when 479279 is divided by 6656.
47
Calculate the remainder when 2332094 is divided by 388679.
20
What is the remainder when 63268277 is divided by 302719?
6
Calculate the remainder when 1561123 is divided by 195072.
547
What is the remainder when 734698 is divided by 1499?
188
Calculate the remainder when 1229476 is divided by 12221.
7376
What is the remainder when 10783 is divided by 982?
963
What is the remainder when 1253218 is divided by 16?
2
Calculate the remainder when 5739329 is divided by 73.
69
What is the remainder when 5400327 is divided by 766?
27
Calculate the remainder when 524201 is divided by 32735.
441
Calculate the remainder when 15753420 is divided by 525114.
0
What is the remainder when 18852638 is divided by 9426259?
120
What is the remainder when 86276 is divided by 491?
351
Calculate the remainder when 2624508 is divided by 7.
5
Calculate the remainder when 2878847 is divided by 1666.
1665
What is the remainder when 78395 is divided by 505?
120
What is the remainder when 157345455 is divided by 11780?
11775
What is the remainder when 23858964 is divided by 87?
84
Calculate the remainder when 19175840 is divided by 2820.
2660
Calculate the remainder when 5125945 is divided by 252.
13
Calculate the remainder when 60394687 is divided by 49.
31
Calculate the remainder when 32634201 is divided by 190.
181
Calculate the remainder when 3775122 is divided by 1887549.
24
What is the remainder when 624946 is divided by 1152?
562
What is the remainder when 25630557 is divided by 1632?
1629
Calculate the remainder when 1588709 is divided by 83611.
100
What is the remainder when 15705 is divided by 2558?
357
Calculate the remainder when 861665 is divided by 1252.
289
What is the remainder when 310056549 is divided by 108?
105
What is the remainder when 161194 is divided by 7848?
4234
Calculate the remainder when 12498769 is divided by 2831.
2735
What is the remainder when 1338419 is divided by 367?
337
Calculate the remainder when 94310 is divided by 8098.
5232
What is the remainder when 1195027 is divided by 199161?
61
Calculate the remainder when 718238 is divided by 8648.
454
Calculate the remainder when 11698 is divided by 3115.
2353
What is the remainder when 2868883 is divided by 3555?
3553
Calculate the remainder when 248080412 is divided by 115.
112
What is the remainder when 1535824 is divided by 51182?
364
What is the remainder when 82935 is divided by 290?
285
What is the remainder when 68613772 is divided by 39?
19
What is the remainder when 1826050 is divided by 3608?
402
Calculate the remainder when 19087834 is divided by 161761.
36
Calculate the remainder when 746891 is divided by 50.
41
Calculate the remainder when 8886215 is divided by 1844.
1823
What is the remainder when 54979 is divided by 18283?
130
Calculate the remainder when 967660 is divided by 120951.
52
Calculate the remainder when 206399 is divided by 1312.
415
What is the remainder when 12991943 is divided by 240?
23
What is the remainder when 889488 is divided by 2133?
27
Calculate the remainder when 385742 is divided by 385333.
409
Calculate the remainder when 168478825 is divided by 3485.
3470
Calculate the remainder when 1108591 is divided by 1414.
15
What is the remainder when 4359202 is divided by 1442?
36
Calculate the remainder when 1246985 is divided by 39.
38
What is the remainder when 793423 is divided by 148?
143
What is the remainder when 7749742 is divided by 861080?
22
Calculate the remainder when 345582 is divided by 842.
362
Calculate the remainder when 1597503 is divided by 151.
74
Calculate the remainder when 157858 is divided by 104.
90
Calculate the remainder when 33096821 is divided by 5972.
5969
Calculate the remainder when 9365596 is divided by 2545.
2541
Calculate the remainder when 466460 is divided by 664.
332
Calculate the remainder when 16047191 is divided by 411466.
17
What is the remainder when 420129 is divided by 420081?
48
What is the remainder when 2035959 is divided by 4155?
9
Calculate the remainder when 26572597 is divided by 8558.
7
Calculate the remainder when 21447559 is divided by 19.
17
Calculate the remainder when 92814 is divided by 70.
64
Calculate the remainder when 1549657 is divided by 2935.
2912
Calculate the remainder when 30682 is divided by 2241.
1549
What is the remainder when 659404 is divided by 49?
11
Calculate the remainder when 1950551 is divided by 3694.
119
Calculate the remainder when 84902191 is divided by 166.
163
What is the remainder when 33156 is divided by 1817?
450
What is the remainder when 3430275 is divided by 15880?
195
Calculate the remainder when 31836510 is divided by 837802.
34
What is the remainder when 7272082 is divided by 115429?
55
Calculate the remainder when 3809191 is divided by 16278.
139
Calculate the remainder when 4456135 is divided by 447.
439
What is the remainder when 1536229 is divided by 806?
799
What is the remainder when 10662742 is divided by 283?
151
Calculate the remainder when 13393 is divided by 1398.
811
Calculate the remainder when 2700610 is divided by 288.
34
What is the remainder when 1554753 is divided by 4614?
4449
What is the remainder when 5652218 is divided by 76380?
98
What is the remainder when 18093598 is divided by 18093595?
3
Calculate the remainder when 3329578 is divided by 329.
98
What is the remainder when 67619826 is divided by 852?
846
Calculate the remainder when 30032 is divided by 5790.
1082
What is the remainder when 76590 is divided by 38276?
38
What is the remainder when 127264 is divided by 1285?
49
What is the remainder when 208893 is divided by 3423?
90
Calculate the remainder when 6733601 is divided by 2801.
2798
Calculate the remainder when 587625258 is divided by 580.
578
Calculate the remainder when 403834 is divided by 72.
58
What is the remainder when 4069377 is divided by 1356381?
234
What is the remainder when 104576218 is divided by 126?
124
What is the remainder when 76742629 is divided by 3727?
3699
Calculate the remainder when 84235 is divided by 83922.
313
Calculate the remainder when 299032 is divided by 366.
10
What is the remainder when 59452583 is divided by 179615?
18
Calculate the remainder when 1070374 is divided by 545.
539
Calculate the remainder when 307598 is divided by 200.
198
What is the remainder when 4326520 is divided by 2163258?
4
What is the remainder when 957441 is divided by 106303?
714
Calculate the remainder when 68491 is divided by 246.
103
Calculate the remainder when 49378 is divided by 75.
28
What is the remainder when 3387767 is divided by 59?
46
What is the remainder when 229171 is divided by 12?
7
What is the remainder when 31057 is divided by 30690?
367
What is the remainder when 2111747 is divided by 292?
3
What is the remainder when 5991944 is divided by 1794?
1778
Calculate the remainder when 423646 is divided by 3415.
186
Calculate the remainder when 36817423 is divided by 9204353.
11
Calculate the remainder when 2017090 is divided by 2475.
2440
What is the remainder when 12493211 is divided by 255?
251
What is the remainder when 20208 is divided by 9971?
266
Calculate the remainder when 899099 is divided by 1261.
6
What is the remainder when 37269398 is divided by 14513?
14
Calculate